51 a composite number?
False
Is 64619208833 a prime number?
True
Is 23387073439 prime?
False
Is 6938152369 composite?
True
Is 338824259 a prime number?
False
Is 606830195 prime?
False
Is 31881243673 a prime number?
True
Is 13290088789 prime?
True
Is 1371806801 prime?
False
Is 75095066167 a prime number?
False
Is 247914803 a composite number?
False
Is 190870291 a composite number?
False
Is 6498200381 a prime number?
False
Is 964569467 a prime number?
True
Is 3046641271 composite?
False
Is 2422375273 a composite number?
True
Is 185818751 a composite number?
False
Is 265541628129 composite?
True
Is 58187922059 a composite number?
True
Is 8939093851 composite?
False
Is 35485857347 a prime number?
False
Is 27727078607 a composite number?
False
Is 4063089733 composite?
False
Is 7377013291 prime?
True
Is 1091386481 prime?
False
Is 1428067307 composite?
False
Is 60798036223 composite?
False
Is 6573670717 a prime number?
True
Is 15521647291 composite?
False
Is 420401477 a prime number?
True
Is 415791619 composite?
True
Is 552198409 a prime number?
False
Is 1290905443 prime?
True
Is 413598541 a prime number?
True
Is 689273841 a composite number?
True
Is 2782944691 a composite number?
False
Is 32541505847 a composite number?
True
Is 8303698283 composite?
False
Is 176094209 composite?
False
Is 32578159 a prime number?
False
Is 67130831879 composite?
False
Is 79340907011 composite?
True
Is 434045069 a prime number?
False
Is 3593253539 composite?
False
Is 13952047867 prime?
True
Is 266565881 a prime number?
False
Is 79343689259 a composite number?
False
Is 1657826531 a prime number?
True
Is 12645341481 prime?
False
Is 6581145673 a composite number?
True
Is 12000387407 a prime number?
True
Is 91642624051 a composite number?
True
Is 445216909 a prime number?
False
Is 164047267 a composite number?
True
Is 229501913 prime?
False
Is 6225145103 a composite number?
False
Is 20502694231 prime?
False
Is 2700594107 prime?
True
Is 977113421 composite?
False
Is 3925434221 prime?
True
Is 487839727 composite?
False
Is 19608805141 a prime number?
True
Is 632219369 a prime number?
True
Is 973834357 a composite number?
False
Is 4529350871 composite?
True
Is 15130199083 a composite number?
True
Is 44919583421 a prime number?
True
Is 56227922459 a prime number?
False
Is 1128148423 composite?
False
Is 4841873 a composite number?
True
Is 128173403 a composite number?
False
Is 17097945611 a prime number?
False
Is 152639411 a composite number?
False
Is 132344309 a prime number?
True
Is 2947794301 composite?
True
Is 1658508613 composite?
True
Is 730143499 prime?
False
Is 85331517927 a composite number?
True
Is 43871389511 prime?
False
Is 4547099059 prime?
True
Is 10738041869 a composite number?
True
Is 393949657 composite?
False
Is 45277692247 a composite number?
True
Is 3964330609 composite?
True
Is 4892399081 a composite number?
False
Is 1525885169 prime?
False
Is 21954511221 composite?
True
Is 26881355885 composite?
True
Is 325049507 composite?
False
Is 150868271 a composite number?
True
Is 1681322263 a composite number?
True
Is 1171684201 prime?
True
Is 62793749905 prime?
False
Is 1178962949 prime?
False
Is 18353502983 a composite number?
False
Is 489917927 prime?
True
Is 32753920147 a composite number?
True
Is 7477564433 a prime number?
True
Is 3355062031 a prime number?
False
Is 12238174777 prime?
True
Is 251355864685 composite?
True
Is 442252526 a prime number?
False
Is 77225367457 prime?
False
Is 8594014237 composite?
True
Is 270340255 a composite number?
True
Is 428770003 a prime number?
True
Is 3713746253 prime?
False
Is 5455825229 a prime number?
True
Is 40498835533 composite?
True
Is 1397044153 composite?
True
Is 4914359719 a composite number?
False
Is 36913792697 a composite number?
True
Is 4591371905 prime?
False
Is 263398934 a prime number?
False
Is 14065979 a prime number?
False
Is 688521347 prime?
True
Is 632489341 composite?
True
Is 5330455829 a composite number?
True
Is 113376224783 prime?
True
Is 5987743877 a prime number?
False
Is 1041550451 a composite number?
False
Is 91255255297 a composite number?
False
Is 17256316543 a composite number?
False
Is 50827535359 a composite number?
False
Is 786269377 prime?
False
Is 47587831 a prime number?
True
Is 10130576897 prime?
False
Is 4302147971 a prime number?
False
Is 44492550241 prime?
False
Is 697233701 prime?
False
Is 55511917001 prime?
True
Is 5771008117 composite?
True
Is 6293936783 composite?
False
Is 21893675939 a composite number?
True
Is 21954438461 a prime number?
True
Is 1423585403 prime?
False
Is 10782736273 composite?
True
Is 124610231 a composite number?
False
Is 1219111469 composite?
False
Is 93355012039 prime?
False
Is 12534915223 a prime number?
True
Is 90186829 a prime number?
True
Is 911715041 composite?
False
Is 536239813 a composite number?
False
Is 1530612367 composite?
False
Is 9030612763 composite?
True
Is 275934261 a composite number?
True
Is 4624726451 composite?
False
Is 8797130477 prime?
True
Is 4415773 composite?
True
Is 6852813197 prime?
True
Is 15631679927 a prime number?
True
Is 14529530047 prime?
True
Is 4612490719 a prime number?
True
Is 21714627331 a prime number?
False
Is 350999779783 a prime number?
True
Is 12424206499 a composite number?
True
Is 44441976815 composite?
True
Is 4162678573 composite?
True
Is 3265571447 a composite number?
True
Is 28733581907 a prime number?
False
Is 1224317111 a prime number?
True
Is 20235350281 a composite number?
False
Is 3982558565 a prime number?
False
Is 107007726367 a composite number?
False
Is 323025779 a prime number?
True
Is 23943659611 composite?
True
Is 34759725289 prime?
True
Is 10733230379 composite?
True
Is 62178862819 prime?
True
Is 339468929 prime?
True
Is 3944772493 a prime number?
True
Is 96655127 a composite number?
True
Is 13648169957 a composite number?
True
Is 6297943315 a composite number?
True
Is 910915531 a composite number?
False
Is 50649340831 a composite number?
True
Is 3368274907 prime?
True
Is 601026721 composite?
True
Is 28887385882 composite?
True
Is 1659832709 a prime number?
True
Is 855971861 a prime number?
True
Is 4620155741 prime?
False
Is 838627259 prime?
False
Is 84869131 a composite number?
True
Is 2735164214 a composite number?
True
Is 54321962653 prime?
False
Is 40481726161 a prime number?
True
Is 33926237 composite?
True
Is 122476577 a prime number?
True
Is 33066465007 a composite number?
True
Is 5422903267 prime?
True
Is 61358806229 composite?
True
Is 506136277 a composite number?
True
Is 7687141561 a composite number?
True
Is 22210232867 prime?
True
Is 63769003 prime?
True
Is 44828989 composite?
False
Is 886126379 prime?
True
Is 78413769767 composite?
False
Is 17493866287 prime?
False
Is 593742551 prime?
True
Is 8267604931 prime?
True
Is 872429177 a composite number?
True
Is 22955110093 composite?
False
Is 598958587 composite?
False
Is 79072359851 composite?
True
Is 4859584841 a composite number?
True
Is 36841198171 a prime number?
True
Is 13450147589 a prime number?
True
Is 215083853 a prime number?
True
Is 178756393 a composite number?
False
Is 415285193 prime?
True
Is 348556891 a prime number?
False
Is 2903898913 a prime number?
False
Is 1691931517 a prime number?
True
Is 3448315843 prime?
False
Is 263164697 composite?
True
Is 1336218329 a prime number?
False
Is 21190437563 composite?
False
Is 3642857107 a prime number?
True
Is 161119801 composite?
False
Is 6276702293 a prime number?
True
Is 31009058555 prime?
False
Is 3802051081 a prime number?
True
Is 8921606189 prime?
True
Is 18444327883 a prime number?
True
Is 85375351 a prime number?
True
Is 2206586761 prime?
True
Is 536775929 a prime number?
False
Is 8655354131 a composite number?
False
Is 1097147017 a composite number?
True
Is 877374643 composite?
True
Is 2125870693 a prime number?
True
Is 98055684758 composite?
True
Is 12725783243 a prime number?
True
Is 19458237 composite?
True
Is 387434423 a composite number?
True
Is 29933473 a composite number?
True
Is 52759283 prime?
False
Is 556390031 a prime number?
True
Is 74140382947 prime?
False
Is 495660773 a prime number?
False
Is 10918142419 a composite number?
True
Is 1161326885 a prime number?
False
Is 109137343 composite?
True
Is 34268246897 composite?
False
Is 2505025601 prime?
False
Is 623